10*g = -h. What is the units digit of g?
7
Let k(m) = 540*m**2 - 5*m + 4. What is the units digit of k(1)?
9
Suppose -5*u = -9*u - 160. Let m be u/(-1 + 2) + 0. What is the tens digit of (0 + -1)*(m - 9)?
4
Let g = -1896 - -2665. What is the hundreds digit of g?
7
Suppose 238*t + 973 = 239*t. What is the hundreds digit of t?
9
Let n be ((-3)/2)/((-1)/12). Suppose 0 = -2*y + 4*o - n, 5*y - 4*y + o = 6. Suppose -2*b = -15 - y. What is the units digit of b?
8
Suppose -u + 5*u = 10580. What is the units digit of ((-16)/(-10))/(46/u)?
2
What is the hundreds digit of 2/5 - (5 - (-59330)/(-50))?
1
Let w(c) = c**3 + 6*c**2 - 6. Let l be w(-6). What is the units digit of l*(4 - 50/(-4))/(-3)?
3
Let q(p) be the third derivative of -25*p**4/24 - 13*p**3/6 - 8*p**2. Let r be q(-4). Let n = r - 44. What is the tens digit of n?
4
Suppose 0 = 2*m - 89 - 129. Let r = m - -21. What is the tens digit of r?
3
Let x(a) = -33*a**3 - 6*a**2 - 18. What is the thousands digit of x(-5)?
3
Let a be (-1263)/21 - (-5)/35. Suppose 4*v + 0*d + 2*d = 312, 340 = 4*v - 5*d. What is the tens digit of v/(-3)*a/50?
3
Let g(n) = 128*n**3 + n - 1. Let c be g(1). Let m = c - -20. What is the hundreds digit of m?
1
Let n(l) = l**2 - 4*l - 2. Let z be n(5). Suppose -3*f = 3*j - 6, -2*f - 22 = -z*j + 3*f. What is the tens digit of (84/9)/(j/6)?
1
Let c(h) = -22*h - 20. Let o be c(-8). Let g be (2/(-3))/((-8)/o). Suppose g = -w + 45. What is the tens digit of w?
3
What is the units digit of ((-200)/130)/10 - (-938)/13?
2
Suppose -5*g + 4*g = -5. What is the units digit of (-2)/g + 49/35?
1
Suppose 4*r = -3*v + 35, -r + 3*v - 2 = 8. Suppose 11 = 4*d - r. What is the tens digit of -1 - -2 - (-40)/d?
1
Let y(d) = d**2 - d. Let x be y(-1). Suppose 0*h + 4 = x*h. Suppose -3 = h*q - 39. What is the tens digit of q?
1
Suppose 0 = 38*r - 40*r - 4*q + 4370, 3*r + q = 6560. What is the units digit of r?
7
Suppose 7*p + 4*z - 12 = 3*p, 3*p - 3*z - 3 = 0. Suppose 169 = w + 3*a, 3*a = p*w - 325 - 4. What is the units digit of w?
6
Suppose -34*i = -37*i - 66. What is the tens digit of (158/(-5))/(4 + i/5)?
7
Let g(f) = 198*f - 46. What is the tens digit of g(2)?
5
Let n(a) = a**2 + 8*a - 8. Suppose -26*f = -24*f - 12. What is the units digit of n(f)?
6
Let r(j) = j**3 + 9*j**2 - 3*j - 11. Let i be r(-9). Let g = 27 - i. What is the units digit of (1 + g)*20/6?
0
Let a be -3*3*4/(-9). Suppose 4*w - 76 = -a*x, 4*x - 25 = -w + 57. Let k = x + 1. What is the units digit of k?
2
What is the units digit of 8719/7 - (78/14 + -5)?
5
Let y(b) = b**2 - b - 5. Let t be y(-4). Let k = -3 + t. Suppose 0 = -3*h + h + k. What is the units digit of h?
6
Suppose s = 5*d + 67, -s - 19 = -3*d - 58. Let f = d + 97. What is the tens digit of f?
8
Suppose -5*v = -h + 5*h - 730, 5*h - 25 = 0. Suppose 2*x - b = 138, 2*x - v = -4*b - 4. What is the tens digit of x?
6
Let x = 317 - 100. What is the hundreds digit of x?
2
Suppose -4*i + 11591 = -5*o, 2*i - 7018 = -3*o - 1217. What is the hundreds digit of i?
8
Suppose -2*b + 574 = -2*t, -3*b - 2*b + 1435 = -2*t. What is the hundreds digit of b?
2
Suppose 8463 = 18*g - 5*g. What is the hundreds digit of g?
6
Suppose 2*d = 3 - 1. Let s(o) = 3*o**2 - 1 - 2*o**2 + 2*o**3 + 36*o**3 + 0. What is the units digit of s(d)?
8
Let u(b) = -b**2 - 20*b + 23. Let c be u(-21). Suppose -c*z = z - 354. What is the units digit of z?
8
Let q be 0*(1 + (-3)/6). Suppose q = 5*i + 62 + 13. What is the tens digit of 2/4*-2 - i?
1
Let h = 516 - 257. Suppose 6*w = 5*w + h. What is the hundreds digit of w?
2
Let h(y) = -y**2 - 6*y + 12. Let n be h(-8). What is the tens digit of -1 - n - (3 - 1)*-9?
2
Suppose -y + 14 = 3*g, 11 = -3*g - 4*y + 31. Let c = -44 + 45. What is the tens digit of c*(g - -47) + 2?
5
Let y(u) = -4*u - 5. Let i be 9/(-18) - 38/(-4). Suppose -3*t - i = 6. What is the tens digit of y(t)?
1
Let x(b) = -b**2 - 12*b - 38. Let t be x(-4). Let k(w) = w**2 - 17*w + 7. What is the units digit of k(t)?
5
Let d = -6 - -10. Let y be 3 - 6*d/(-4). Suppose 5*l + p = 123, -5*l - 5*p = -y - 126. What is the units digit of l?
4
Let i be (4 - 0) + (-4 - -4). Suppose -5*r + i = -16. Suppose 8*k - r*k - 60 = 0. What is the tens digit of k?
1
Let w = -11 + 6. Let j = 6 + 0. Let z = w + j. What is the units digit of z?
1
Let r(t) = t**2 - 7*t + 2. Let h be r(4). Let q be (-328)/(-20) - 6/h. Suppose u - 2*s + q = 44, -3*u + 2*s = -61. What is the tens digit of u?
1
Let r = -354 - -604. What is the tens digit of r?
5
Let f(l) = 4*l + 14. Let h be f(0). Let d(c) = c**3 - 12*c**2 - 23*c + 32. What is the hundreds digit of d(h)?
1
Let u be 1/(-3) + (-93)/(-9). Suppose -3*q - 2*q = -u. Suppose q*m + 56 = 6*m. What is the tens digit of m?
1
Suppose 2*c + 6 = 68. Suppose -v - 2*t = -7 - c, -190 = -5*v - 5*t. Suppose 0 = 3*a - 37 - v. What is the units digit of a?
5
Suppose 4*t = 4*l + 20, -2 + 5 = -3*l - 3*t. Let f(u) = -5 - 4*u + 3*u + 2 - 6*u. What is the tens digit of f(l)?
1
Let r(s) = -s + 29 + 2*s - 11. Let q be r(-14). Suppose -q*z + 0*z = -76. What is the units digit of z?
9
Suppose -7*w = -3*w + 72. Let u be (-1)/6 + (-3027)/w. Suppose y + y = -z + 42, 0 = 5*z - 4*y - u. What is the tens digit of z?
3
Suppose 6*f + 30 = f. Let a(b) = b**3 + 5*b**2 - 8*b - 7. Let o be a(f). Suppose -i + 13 = 2*n - 11, 5*n - 60 = -o*i. What is the units digit of n?
2
Suppose 4*v = -4, 3*v + 389 - 42 = 2*n. What is the units digit of n?
2
Let a(d) = -2*d + 47. Let i be a(-15). Let o = i + -25. What is the units digit of o?
2
Suppose 3 = m - 6. Let j = -8 + m. What is the tens digit of 16*j/2*2?
1
Let n(v) = 3*v - 4*v - 1 + v**3 + 3*v**3. Let f be n(-1). What is the units digit of 231/35 - f/10?
7
Let p = -148 - -274. Let g = p + -43. What is the units digit of g?
3
Suppose -3*j - 2*w + 15 = -0*j, 2*j - 2*w - 20 = 0. Let o = -21 + 25. Suppose -j*n + 3 = -o. What is the units digit of n?
1
Let o(x) be the third derivative of -x**5/60 + 41*x**3/6 + 142*x**2. Let q = -1 + 1. What is the units digit of o(q)?
1
Let h be -1 + (2 + -3 - 9). Let o(k) = 2*k**2 + 14*k + 12. What is the units digit of o(h)?
0
Let u(w) = -w + 25. Let z be u(9). Suppose 18*b = z*b + 18. What is the units digit of b?
9
Let a = -87 + 131. What is the tens digit of 1 - ((-1998)/22 - 8/a)?
9
Let c(h) = -h**3 - 9*h**2 - 13*h - 16. Let b(t) = -3*t**2 + 2*t - 2. Let l be b(2). What is the hundreds digit of c(l)?
2
Let q = 2217 + -595. What is the units digit of q?
2
Suppose -5*v + 4*h + 17 = 0, 4*v = -4*h + 8 + 20. Suppose 0 = -c + v*c - 48. Let f = -6 + c. What is the units digit of f?
6
Let o = -49 + 48. What is the tens digit of (4 - -9)*8 + 2*o?
0
Suppose -c - 3*c + 8 = 0. Let r be (-11 + 8)/(c/(-6)). Let z = 25 - r. What is the tens digit of z?
1
Suppose -4*k - 3*i = -k - 27, 3*k = -2*i + 27. Let g = k + 4. Suppose -g - 23 = -4*m. What is the units digit of m?
9
Let f(w) = 49*w**2 + 7*w + 1. What is the hundreds digit of f(3)?
4
Let x be (-4)/10 + 3377/55. Let q = x - -24. What is the units digit of q?
5
Let d = 994 + -924. What is the tens digit of d?
7
Let t(s) = 3*s**2 + 8*s + 7. Let l(o) = 7*o**2 + 17*o + 13. Let y(r) = 3*l(r) - 5*t(r). What is the units digit of y(6)?
6
Suppose 3997 = 16*x - 2435. What is the units digit of x?
2
Let j = 506 - 258. What is the units digit of j?
8
Let m be 0*2/(-4) + 8 + -5. Suppose m*b - 72 = 174. What is the tens digit of b?
8
Suppose 0 = 4*h + 2*z + 36, -5*z - 27 = -h + 2*h. What is the tens digit of 2232/56 - 1/h?
4
Let q(u) = 59*u - 19. Let w be q(3). Let i = w + -50. What is the tens digit of i?
0
Suppose 35*c = 30*c + 4040. What is the units digit of c?
8
Let a = 8 + 6. Let x = a - 12. Suppose 5*m = -4*d + 171, -x*m - 48 = -d + 2*m. What is the units digit of d?
4
Let x(b) be the first derivative of b**4/12 + 5*b**3/6 + 3*b**2/2 + 5. Let l(m) be the second derivative of x(m). What is the units digit of l(8)?
1
Let m(x) = -5*x**3 - x**2 + 2*x - 7. Let i(w) = 3*w**2 + 42*w - 3. Let p be i(-14). What is the tens digit of m(p)?
1
Suppose -4*h = 72 - 28. What is the units digit of (h/3)/(3*(-3)/108)?
4
Let n(r) = -3*r**3 - 17*r**2 + 12*r + 49. What is the units digit of n(-7)?
1
Let w = 4 - 1. Let a(y) = 3*y - 21. Let f be a(7). Suppose -w*d + f*d = -3*c + 96, 3*c = 5*d + 106. What is the tens digit of c?
2
L